 common factor of 30821 and 481?
37
Calculate the highest common factor of 409 and 13656919.
409
What is the highest common divisor of 111 and 4859247?
111
Calculate the highest common factor of 57227 and 267.
89
What is the highest common divisor of 12626 and 2782?
214
Calculate the greatest common factor of 2800573 and 3988.
997
What is the highest common divisor of 77484 and 1452?
132
Calculate the greatest common divisor of 52241 and 34681.
439
What is the greatest common factor of 759 and 39721?
253
What is the greatest common factor of 656 and 759976?
328
What is the greatest common factor of 1644720 and 42?
42
What is the greatest common factor of 10318 and 3618?
134
What is the greatest common divisor of 65 and 17173?
13
Calculate the greatest common divisor of 1686 and 3855039.
843
What is the greatest common factor of 1625 and 8775?
325
What is the greatest common factor of 1188 and 19283?
11
Calculate the greatest common factor of 26 and 59722.
26
What is the highest common divisor of 3528 and 1323?
441
What is the greatest common divisor of 26857 and 3317?
107
What is the highest common divisor of 371208 and 168?
24
What is the highest common divisor of 637859 and 184?
23
What is the greatest common factor of 84 and 2148972?
84
Calculate the greatest common factor of 424 and 49472.
8
Calculate the greatest common divisor of 2146396 and 49.
49
What is the highest common factor of 11266 and 35518?
86
Calculate the highest common factor of 198867 and 3171.
453
What is the highest common divisor of 99 and 14432?
11
What is the greatest common factor of 227325 and 6825?
525
Calculate the highest common factor of 25575 and 46965.
465
Calculate the highest common factor of 464 and 5744.
16
Calculate the highest common divisor of 42 and 217518.
42
What is the greatest common factor of 23127 and 65?
13
Calculate the greatest common factor of 67236 and 275840.
1724
Calculate the greatest common factor of 397675 and 50.
25
What is the greatest common factor of 40 and 4470540?
20
What is the greatest common divisor of 23440 and 4102?
586
What is the highest common factor of 672 and 39392?
32
Calculate the highest common divisor of 9824 and 187884.
1228
Calculate the highest common factor of 497 and 37985.
71
What is the highest common divisor of 12445 and 14725?
95
Calculate the greatest common factor of 156892 and 244.
244
Calculate the greatest common factor of 15062 and 442.
34
What is the greatest common divisor of 67575 and 34?
17
What is the highest common divisor of 1974 and 406?
14
What is the highest common divisor of 570 and 1520?
190
Calculate the highest common factor of 5104 and 640.
16
Calculate the highest common divisor of 58 and 13262.
2
Calculate the highest common divisor of 471287 and 298.
149
Calculate the greatest common factor of 20880 and 140.
20
What is the highest common divisor of 448419 and 57?
57
Calculate the greatest common divisor of 40397 and 257705.
1393
Calculate the highest common factor of 14845 and 80.
5
Calculate the highest common divisor of 50 and 1581500.
50
What is the highest common divisor of 10965 and 5440?
85
What is the highest common divisor of 188 and 10481?
47
Calculate the highest common divisor of 2021373 and 711.
711
Calculate the greatest common divisor of 1685 and 3809111.
337
What is the highest common factor of 4842 and 2129673?
807
Calculate the highest common factor of 111 and 4477.
37
What is the greatest common factor of 117348 and 847?
77
Calculate the highest common factor of 416 and 6799.
13
What is the greatest common factor of 68 and 282404?
68
Calculate the highest common divisor of 2 and 28795.
1
What is the greatest common divisor of 110 and 1036?
2
Calculate the greatest common factor of 3684 and 876.
12
What is the highest common divisor of 162816 and 8427?
159
What is the greatest common factor of 126 and 126798?
42
What is the greatest common factor of 2450 and 163625?
175
Calculate the highest common factor of 171 and 2259.
9
Calculate the highest common factor of 35242 and 7906.
134
What is the greatest common factor of 31140 and 1674?
18
Calculate the highest common factor of 59 and 779213.
59
What is the highest common divisor of 1074 and 1238322?
1074
Calculate the greatest common divisor of 43195 and 2597.
53
What is the greatest common factor of 1694 and 7139?
121
Calculate the highest common factor of 37230 and 438.
438
Calculate the highest common divisor of 358 and 4236930.
358
What is the greatest common factor of 634 and 76397?
317
Calculate the highest common divisor of 1365625 and 1425.
475
Calculate the highest common divisor of 8963422 and 299.
299
What is the greatest common factor of 75 and 64495?
5
Calculate the greatest common factor of 240 and 173940.
60
What is the highest common divisor of 9597 and 4662?
21
What is the greatest common divisor of 2793 and 570?
57
What is the highest common factor of 1998 and 216?
54
Calculate the highest common divisor of 119 and 6881.
7
What is the highest common divisor of 1356580 and 30?
10
Calculate the greatest common divisor of 324 and 10404.
36
Calculate the highest common factor of 1356 and 7932.
12
What is the greatest common factor of 611 and 1937?
13
Calculate the greatest common divisor of 7923 and 3021.
57
Calculate the greatest common factor of 8 and 1761324.
4
What is the greatest common factor of 244260 and 660?
60
What is the highest common divisor of 3283 and 1813?
49
Calculate the greatest common factor of 907628 and 8.
4
What is the greatest common divisor of 55956 and 9?
3
What is the highest common factor of 105 and 78099?
21
What is the greatest common factor of 3008 and 35072?
64
What is the greatest common divisor of 211646 and 621?
23
Calculate the highest common factor of 2645 and 1350.
5
What is the greatest common factor of 3510 and 53514?
54
Calculate the greatest common divisor of 2619 and 7663.
97
Calculate the highest common factor of 54 and 105003.
27
What is the greatest common factor of 34 and 714?
34
What is the highest common divisor of 39 and 196313?
13
Calculate the highest common divisor of 773926 and 2.
2
What is the highest common factor of 40 and 141710?
10
Calculate the highest common divisor of 17262 and 12852.
126
Calculate the highest common factor of 332 and 1068.
4
What is the highest common factor of 2349256 and 91?
91
What is the highest common divisor of 8748 and 12798?
162
What is the greatest common divisor of 8 and 114180?
4
What is the highest common factor of 129576 and 15?
3
What is the highest common factor of 228 and 104348?
76
Calculate the greatest common divisor of 13968 and 61401.
291
Calculate the greatest common factor of 6513 and 312.
39
What is the greatest common factor of 318572 and 292?
292
What is the greatest common factor of 20 and 66788?
4
Calculate the greatest common factor of 161 and 5983013.
23
Calculate the greatest common divisor of 5260 and 580.
20
What is the highest common factor of 21910 and 210?
70
Calculate the highest common divisor of 9 and 68592.
3
Calculate the greatest common factor of 50385 and 45.
15
Calculate the highest common factor of 5503213 and 113.
113
Calculate the highest common divisor of 2941988 and 14.
14
Calculate the greatest common divisor of 9497568 and 3648.
1824
Calculate the greatest common factor of 11451 and 22033.
11
Calculate the greatest common divisor of 444060 and 1440.
180
Calculate the greatest common factor of 15876 and 66248.
196
Calculate the highest common divisor of 335 and 11323.
67
What is the highest common factor of 420 and 921360?
60
What is the highest common factor of 808 and 372?
4
Calculate the greatest common divisor of 228 and 5596184.
76
Calculate the highest common factor of 850 and 13550.
50
What is the highest common factor of 200 and 4150?
50
Calculate the greatest common factor of 56040 and 5280.
120
What is the greatest common divisor of 57469 and 14225?
569
Calculate the greatest common factor of 2448 and 39576.
408
Calculate the greatest common divisor of 234330 and 876.
438
What is the highest common divisor of 207 and 409423?
23
What is the greatest common divisor of 35073 and 1296?
81
Calculate the highest common factor of 216000 and 4032.
576
What is the greates